{"id":4707,"date":"2018-02-09T15:22:53","date_gmt":"2018-02-09T14:22:53","guid":{"rendered":"http:\/\/www.old.wces.eu\/?page_id=4707"},"modified":"2018-02-09T15:22:53","modified_gmt":"2018-02-09T14:22:53","slug":"partnerstwo-w-srodzie-wielkopolskiej","status":"publish","type":"page","link":"https:\/\/oldwces.barka.org.pl\/?page_id=4707","title":{"rendered":"Partnerstwo w \u015arodzie Wielkopolskiej"},"content":{"rendered":"<p style=\"text-align: justify;\"><img loading=\"lazy\" decoding=\"async\" class=\"wp-image-4706 alignleft\" src=\"http:\/\/www.old.wces.eu\/wp-content\/uploads\/2018\/02\/\u015aroda.png\" alt=\"\" width=\"149\" height=\"172\" \/>W powiecie \u015bredzkim od pocz\u0105tku w spotkaniach zmierzaj\u0105cych do utworzenia partnerstwa lokalnego uczestniczy\u0142 Starosta Marcin Bednarz, Burmistrz \u015arody Wojciech Zi\u0119tkowski, Stowarzyszenie Dom Pe\u0142en Kultury, a tak\u017ce OPS, PUP i lokalni przedsi\u0119biorcy. W p\u00f3\u017aniejszym czasie do\u0142\u0105czyli te\u017c przedstawiciele s\u0105siednich gmin powiatu \u015bredzkiego.<\/p>\n<p style=\"text-align: justify;\"><img loading=\"lazy\" decoding=\"async\" class=\" wp-image-4709 alignright\" src=\"http:\/\/www.old.wces.eu\/wp-content\/uploads\/2018\/02\/\u015aroda1-212x300.jpg\" alt=\"\" width=\"227\" height=\"317\" \/><\/p>\n<p>&nbsp;<\/p>\n<p style=\"text-align: justify;\">To dzi\u0119ki dzia\u0142aniom partnerstwa lokalnego Stowarzyszenie Dom Pe\u0142en Kultury powo\u0142a\u0142o <strong><em>Centrum Integracji Spo\u0142ecznej im. W\u0142adys\u0142awa Zamoyskiego w Jaros\u0142awcu<\/em><\/strong>. CIS otrzyma\u0142 status od Wojewody i \u015brodki z Urz\u0119du Marsza\u0142kowskiego na uruchomienie dzia\u0142alno\u015bci. Obecnie w CIS-ie uczestniczy ponad 20 os\u00f3b z gminy \u015aroda. Wykonuj\u0105 oni zlecenia na rzecz gminy, ZGM i wsp\u00f3\u0142pracuj\u0105 z firm\u0105 Lena Lighting S.A.<\/p>\n<p>&nbsp;<\/p>\n<p style=\"text-align: justify;\">W roku 2017 w powiecie powsta\u0142y nowe sp\u00f3\u0142dzielnie socjalne:<\/p>\n<ul style=\"text-align: justify;\">\n<li><strong><em>Sp\u00f3\u0142dzielnia Socjalna \u201eBar Mleczny MI\u015a\u201d<\/em><\/strong> (powo\u0142ana przez Powiat \u015aredzki i Gmin\u0119 \u015aroda Wielkopolska);<\/li>\n<li><strong><em>Sp\u00f3\u0142dzielnia Socjalna CIT <\/em><\/strong>(powo\u0142ana przez Stowarzyszenie Zawsze dla \u015aredzian i Stowarzyszenie \u015aredzkie Towarzystwo Fotograficzne);<\/li>\n<li><strong><em>Sp\u00f3\u0142dzielnia Socjalna HIT <\/em><\/strong>(powo\u0142ana przez Stowarzyszenie Zawsze dla \u015aredzian i Stowarzyszenie Klub Sportowy Polonia).<\/li>\n<\/ul>\n<p style=\"text-align: justify;\">Obecnie celem partnerstwa jest wspieranie powsta\u0142ych podmiot\u00f3w ekonomii spo\u0142ecznej, a w szczeg\u00f3lno\u015bci rozszerzenie zasi\u0119gu dzia\u0142ania Centrum Integracji Spo\u0142ecznej. Obecnie dzia\u0142a ono wy\u0142\u0105cznie na terenie gminy \u015aroda Wielkopolska, mog\u0142oby za\u015b przyjmowa\u0107 uczestnik\u00f3w z ca\u0142ego powiatu, co dzi\u0119ki darmowej komunikacji w ca\u0142ym powiecie, jest logistycznie wykonalne.<\/p>\n","protected":false},"excerpt":{"rendered":"<p>W powiecie \u015bredzkim od pocz\u0105tku w spotkaniach zmierzaj\u0105cych do utworzenia partnerstwa lokalnego uczestniczy\u0142 Starosta Marcin Bednarz, Burmistrz \u015arody Wojciech Zi\u0119tkowski, Stowarzyszenie Dom Pe\u0142en Kultury, a tak\u017ce OPS, PUP i lokalni przedsi\u0119biorcy. W p\u00f3\u017aniejszym czasie do\u0142\u0105czyli te\u017c przedstawiciele s\u0105siednich gmin powiatu &hellip; <a href=\"https:\/\/oldwces.barka.org.pl\/?page_id=4707\">Czytaj dalej <span class=\"meta-nav\">&rarr;<\/span><\/a><\/p>\n","protected":false},"author":4,"featured_media":0,"parent":0,"menu_order":0,"comment_status":"closed","ping_status":"closed","template":"","meta":{"jetpack_post_was_ever_published":false,"footnotes":""},"class_list":["post-4707","page","type-page","status-publish","hentry"],"aioseo_notices":[],"jetpack_shortlink":"https:\/\/wp.me\/P41gHA-1dV","jetpack_sharing_enabled":true,"_links":{"self":[{"href":"https:\/\/oldwces.barka.org.pl\/index.php?rest_route=\/wp\/v2\/pages\/4707","targetHints":{"allow":["GET"]}}],"collection":[{"href":"https:\/\/oldwces.barka.org.pl\/index.php?rest_route=\/wp\/v2\/pages"}],"about":[{"href":"https:\/\/oldwces.barka.org.pl\/index.php?rest_route=\/wp\/v2\/types\/page"}],"author":[{"embeddable":true,"href":"https:\/\/oldwces.barka.org.pl\/index.php?rest_route=\/wp\/v2\/users\/4"}],"replies":[{"embeddable":true,"href":"https:\/\/oldwces.barka.org.pl\/index.php?rest_route=%2Fwp%2Fv2%2Fcomments&post=4707"}],"version-history":[{"count":5,"href":"https:\/\/oldwces.barka.org.pl\/index.php?rest_route=\/wp\/v2\/pages\/4707\/revisions"}],"predecessor-version":[{"id":4713,"href":"https:\/\/oldwces.barka.org.pl\/index.php?rest_route=\/wp\/v2\/pages\/4707\/revisions\/4713"}],"wp:attachment":[{"href":"https:\/\/oldwces.barka.org.pl\/index.php?rest_route=%2Fwp%2Fv2%2Fmedia&parent=4707"}],"curies":[{"name":"wp","href":"https:\/\/api.w.org\/{rel}","templated":true}]}}