{"id":4653,"date":"2018-02-08T16:34:14","date_gmt":"2018-02-08T15:34:14","guid":{"rendered":"http:\/\/www.old.wces.eu\/?page_id=4653"},"modified":"2018-02-08T16:38:24","modified_gmt":"2018-02-08T15:38:24","slug":"partnerstwo-szamotuly","status":"publish","type":"page","link":"https:\/\/oldwces.barka.org.pl\/?page_id=4653","title":{"rendered":"Partnerstwo w Szamotu\u0142ach"},"content":{"rendered":"<p style=\"text-align: justify;\"><img loading=\"lazy\" decoding=\"async\" class=\" wp-image-4645 alignleft\" src=\"http:\/\/www.old.wces.eu\/wp-content\/uploads\/2018\/02\/Szamotu\u0142y-253x300.png\" alt=\"\" width=\"193\" height=\"227\" \/>Partnerstwo lokalne w Szamotu\u0142ach ma zasi\u0119g powiatowy. Podpisanie porozumienia o wsp\u00f3\u0142pracy nast\u0105pi\u0142o 26.06.2015 r.<\/p>\n<p style=\"text-align: justify;\">Od stycznia 2016 r. dzia\u0142a <strong><em>Centrum Integracji Spo\u0142ecznej<\/em><\/strong> przy Fundacji Nadzieja w Szamotu\u0142ach, kt\u00f3re przez 10 lat funkcjonowa\u0142o jako gospodarstwo pomocnicze. Przez ten czas blisko 280 os\u00f3b skorzysta\u0142o ze wsparcia w reintegracji spo\u0142ecznej i zawodowej.<\/p>\n<p style=\"text-align: justify;\"><strong><em>Sp\u00f3\u0142dzielnia Socjalna \u201eTalent\u201d<\/em><\/strong> zosta\u0142a utworzona przez Starostwo Powiatowe oraz WTZ w Szamotu\u0142ach. Powsta\u0142a przy czynnym wsparciu Dyrektora PCPR Jaromira Zieli\u0144skiego. Swoj\u0105 dzia\u0142alno\u015b\u0107 rozpocz\u0119\u0142a w lutym 2017 roku. G\u0142\u00f3wnym celem jej istnienia jest stworzenie miejsc pracy i aktywizacja zawodowa dla uczestnik\u00f3w Warsztat\u00f3w Terapii Zaj\u0119ciowej w Szamotu\u0142ach. W chwili obecnej zatrudnia trzy osoby z tej grupy. Sp\u00f3\u0142dzielnia zajmuje si\u0119 wyrobem ceramiki ozdobnej, mi\u0119dzy innymi: r\u00f3\u017cnego rodzaju figurek, obrazk\u00f3w z wizerunkami \u015bwi\u0119tych, kartek okoliczno\u015bciowych, ozd\u00f3b \u015bwi\u0105tecznych oraz ceramiki u\u017cytkowej: kubki, komplety kawowe, misy itp.<\/p>\n<p style=\"text-align: justify;\">Partnerstwo lokalne w Szamotu\u0142ach skupia si\u0119 te\u017c w swoim dzia\u0142aniu na rozwi\u0105zywaniu problem\u00f3w i rozwoju partnerstw w poszczeg\u00f3lnych gminach. S\u0142u\u017c\u0105 temu spotkania organizowane w Starostwie, na kt\u00f3re zapraszani s\u0105 regularnie przedstawiciele gmin. Obecnie trwaj\u0105 prac\u0119 na usamodzielnieniem partnerstw w Obrzycku i Ostrorogu.<\/p>\n<p style=\"text-align: justify;\">26 stycznia 2018 r. w Starostwie Powiatowym w Szamotu\u0142ach przedstawiciele Barki, w ramach projektu Wielkopolskie Centrum Ekonomii Solidarnej spotkali si\u0119 z dyrektorem miejscowego Powiatowego Centrum Pomocy Rodzinie, Jaromirem Zieli\u0144skim oraz reprezentantami Zak\u0142adu Karnego we Wronkach i Aresztu \u015aledczego w Szamotu\u0142ach.<\/p>\n<p style=\"text-align: justify;\">Rozmawiano o ministerialnym projekcie dotycz\u0105cym wsparcia indywidualnej i kompleksowej aktywizacji zawodowo-edukacyjnej os\u00f3b m\u0142odych do 29 roku \u017cycia &#8211; w szczeg\u00f3lno\u015bci tych, kt\u00f3rzy nie pracuj\u0105, nie kszta\u0142c\u0105 si\u0119, ani nie szkol\u0105, w tym ludzi m\u0142odych zagro\u017conych wykluczeniem spo\u0142ecznym i ludzi m\u0142odych wywodz\u0105cych si\u0119 ze \u015brodowisk marginalizowanych.<\/p>\n<p style=\"text-align: justify;\">Poni\u017cej link do artyku\u0142u zredagowanego przez przedstawicieli s\u0142u\u017cby wi\u0119ziennej: <a href=\"http:\/\/www.sw.gov.pl\/aktualnosc\/areszt-sledczy-w-szamotulach-fundacja-pomocy-wzajemnej-barka\">http:\/\/www.sw.gov.pl\/aktualnosc\/areszt-sledczy-w-szamotulach-fundacja-pomocy-wzajemnej-barka<\/a><\/p>\n","protected":false},"excerpt":{"rendered":"<p>Partnerstwo lokalne w Szamotu\u0142ach ma zasi\u0119g powiatowy. Podpisanie porozumienia o wsp\u00f3\u0142pracy nast\u0105pi\u0142o 26.06.2015 r. Od stycznia 2016 r. dzia\u0142a Centrum Integracji Spo\u0142ecznej przy Fundacji Nadzieja w Szamotu\u0142ach, kt\u00f3re przez 10 lat funkcjonowa\u0142o jako gospodarstwo pomocnicze. Przez ten czas blisko 280 &hellip; <a href=\"https:\/\/oldwces.barka.org.pl\/?page_id=4653\">Czytaj dalej <span class=\"meta-nav\">&rarr;<\/span><\/a><\/p>\n","protected":false},"author":4,"featured_media":0,"parent":0,"menu_order":0,"comment_status":"closed","ping_status":"closed","template":"","meta":{"jetpack_post_was_ever_published":false,"footnotes":""},"class_list":["post-4653","page","type-page","status-publish","hentry"],"aioseo_notices":[],"jetpack_shortlink":"https:\/\/wp.me\/P41gHA-1d3","jetpack_sharing_enabled":true,"_links":{"self":[{"href":"https:\/\/oldwces.barka.org.pl\/index.php?rest_route=\/wp\/v2\/pages\/4653","targetHints":{"allow":["GET"]}}],"collection":[{"href":"https:\/\/oldwces.barka.org.pl\/index.php?rest_route=\/wp\/v2\/pages"}],"about":[{"href":"https:\/\/oldwces.barka.org.pl\/index.php?rest_route=\/wp\/v2\/types\/page"}],"author":[{"embeddable":true,"href":"https:\/\/oldwces.barka.org.pl\/index.php?rest_route=\/wp\/v2\/users\/4"}],"replies":[{"embeddable":true,"href":"https:\/\/oldwces.barka.org.pl\/index.php?rest_route=%2Fwp%2Fv2%2Fcomments&post=4653"}],"version-history":[{"count":2,"href":"https:\/\/oldwces.barka.org.pl\/index.php?rest_route=\/wp\/v2\/pages\/4653\/revisions"}],"predecessor-version":[{"id":4658,"href":"https:\/\/oldwces.barka.org.pl\/index.php?rest_route=\/wp\/v2\/pages\/4653\/revisions\/4658"}],"wp:attachment":[{"href":"https:\/\/oldwces.barka.org.pl\/index.php?rest_route=%2Fwp%2Fv2%2Fmedia&parent=4653"}],"curies":[{"name":"wp","href":"https:\/\/api.w.org\/{rel}","templated":true}]}}