{"id":4651,"date":"2018-02-08T16:28:36","date_gmt":"2018-02-08T15:28:36","guid":{"rendered":"http:\/\/www.old.wces.eu\/?page_id=4651"},"modified":"2018-02-08T16:39:30","modified_gmt":"2018-02-08T15:39:30","slug":"partnerstwo-wronki","status":"publish","type":"page","link":"https:\/\/oldwces.barka.org.pl\/?page_id=4651","title":{"rendered":"Partnerstwo we Wronkach"},"content":{"rendered":"<p style=\"text-align: justify;\"><img loading=\"lazy\" decoding=\"async\" class=\" wp-image-4644 alignleft\" src=\"http:\/\/www.old.wces.eu\/wp-content\/uploads\/2018\/02\/Wronki-234x300.png\" alt=\"\" width=\"177\" height=\"224\" \/>Partnerstwo lokalne na terenie Wronek zosta\u0142o powo\u0142ane ju\u017c 18.09.2014 uroczystym aktem podpisania porozumienia na rzecz rozwoju ekonomii spo\u0142ecznej. Partnerstwo na zasadzie wsp\u00f3\u0142pracy i dialogu samorz\u0105du lokalnego, przedsi\u0119biorc\u00f3w, stowarzysze\u0144 oraz instytucji ma tworzy\u0107 warunki dla rozwoju ekonomii spo\u0142ecznej. Ten bardzo nowatorski w gminie program daje ogromne szanse tworzenia miejsc pracy dla os\u00f3b bezrobotnych i niepe\u0142nosprawnych, ale tak\u017ce dla by\u0142ych wi\u0119\u017ani\u00f3w opuszczaj\u0105cych zak\u0142ad karny we Wronkach. Jednym z cel\u00f3w partnerstwa jest wypracowanie modelowych rozwi\u0105za\u0144 w tym zakresie.<\/p>\n<p style=\"text-align: justify;\">We Wronkach od paru lat dzia\u0142a te\u017c <strong><em>Sp\u00f3\u0142dzielnia Socjalna Eko-Przemiana<\/em><\/strong>, nadal potrzebuj\u0105ca wsparcia partnerstwa lokalnego, specjalizuj\u0105ca si\u0119 w wybranych us\u0142ugach z zakresu mechaniki samochodowej oraz us\u0142ugach opieku\u0144czych.<\/p>\n","protected":false},"excerpt":{"rendered":"<p>Partnerstwo lokalne na terenie Wronek zosta\u0142o powo\u0142ane ju\u017c 18.09.2014 uroczystym aktem podpisania porozumienia na rzecz rozwoju ekonomii spo\u0142ecznej. Partnerstwo na zasadzie wsp\u00f3\u0142pracy i dialogu samorz\u0105du lokalnego, przedsi\u0119biorc\u00f3w, stowarzysze\u0144 oraz instytucji ma tworzy\u0107 warunki dla rozwoju ekonomii spo\u0142ecznej. Ten bardzo nowatorski &hellip; <a href=\"https:\/\/oldwces.barka.org.pl\/?page_id=4651\">Czytaj dalej <span class=\"meta-nav\">&rarr;<\/span><\/a><\/p>\n","protected":false},"author":4,"featured_media":0,"parent":0,"menu_order":0,"comment_status":"closed","ping_status":"closed","template":"","meta":{"jetpack_post_was_ever_published":false,"footnotes":""},"class_list":["post-4651","page","type-page","status-publish","hentry"],"aioseo_notices":[],"jetpack_shortlink":"https:\/\/wp.me\/P41gHA-1d1","jetpack_sharing_enabled":true,"_links":{"self":[{"href":"https:\/\/oldwces.barka.org.pl\/index.php?rest_route=\/wp\/v2\/pages\/4651","targetHints":{"allow":["GET"]}}],"collection":[{"href":"https:\/\/oldwces.barka.org.pl\/index.php?rest_route=\/wp\/v2\/pages"}],"about":[{"href":"https:\/\/oldwces.barka.org.pl\/index.php?rest_route=\/wp\/v2\/types\/page"}],"author":[{"embeddable":true,"href":"https:\/\/oldwces.barka.org.pl\/index.php?rest_route=\/wp\/v2\/users\/4"}],"replies":[{"embeddable":true,"href":"https:\/\/oldwces.barka.org.pl\/index.php?rest_route=%2Fwp%2Fv2%2Fcomments&post=4651"}],"version-history":[{"count":2,"href":"https:\/\/oldwces.barka.org.pl\/index.php?rest_route=\/wp\/v2\/pages\/4651\/revisions"}],"predecessor-version":[{"id":4659,"href":"https:\/\/oldwces.barka.org.pl\/index.php?rest_route=\/wp\/v2\/pages\/4651\/revisions\/4659"}],"wp:attachment":[{"href":"https:\/\/oldwces.barka.org.pl\/index.php?rest_route=%2Fwp%2Fv2%2Fmedia&parent=4651"}],"curies":[{"name":"wp","href":"https:\/\/api.w.org\/{rel}","templated":true}]}}