{"id":4604,"date":"2018-01-30T20:22:47","date_gmt":"2018-01-30T19:22:47","guid":{"rendered":"http:\/\/www.old.wces.eu\/?page_id=4604"},"modified":"2018-01-30T20:22:47","modified_gmt":"2018-01-30T19:22:47","slug":"partnerstwo-w-steszewie","status":"publish","type":"page","link":"https:\/\/oldwces.barka.org.pl\/?page_id=4604","title":{"rendered":"Partnerstwo w St\u0119szewie"},"content":{"rendered":"<p style=\"text-align: justify;\"><img loading=\"lazy\" decoding=\"async\" class=\"wp-image-4579 alignleft\" src=\"http:\/\/www.old.wces.eu\/wp-content\/uploads\/2018\/01\/St\u0119szew-281x300.png\" alt=\"\" width=\"216\" height=\"230\" srcset=\"https:\/\/oldwces.barka.org.pl\/wp-content\/uploads\/2018\/01\/St\u0119szew-281x300.png 281w, https:\/\/oldwces.barka.org.pl\/wp-content\/uploads\/2018\/01\/St\u0119szew-768x820.png 768w, https:\/\/oldwces.barka.org.pl\/wp-content\/uploads\/2018\/01\/St\u0119szew-959x1024.png 959w, https:\/\/oldwces.barka.org.pl\/wp-content\/uploads\/2018\/01\/St\u0119szew.png 1200w\" sizes=\"auto, (max-width: 216px) 100vw, 216px\" \/>W St\u0119szewie kilka lat temu dzia\u0142a\u0142a sp\u00f3\u0142dzielnia socjalna, \u015bwiadcz\u0105ca m.in. us\u0142ugi sklasyfikowane w PKD jako: \u201epomoc spo\u0142eczna bez zakwaterowania dla os\u00f3b w podesz\u0142ym wieku i os\u00f3b niepe\u0142nosprawnych\u201d. Chodzi o Sp\u00f3\u0142dzielni\u0119 Socjaln\u0105 \u201eBezpieczni Podopieczni\u201d, kt\u00f3ra zosta\u0142a zarejestrowana w 2012 roku.<\/p>\n<p style=\"text-align: justify;\">Niestety sp\u00f3\u0142dzielnia ta nie wytrzyma\u0142a \u201epr\u00f3by czasu\u201d i po kilku latach jej dzia\u0142alno\u015b\u0107 zosta\u0142a zawieszona. Przez rok od powstania wszystko dzia\u0142a\u0142o prawid\u0142owo (niemal\u017ce podr\u0119cznikowo), ale pomimo tego sp\u00f3\u0142dzielnia upad\u0142a. Historia sp\u00f3\u0142dzielni socjalnej \u201eBezpieczni Podopieczni\u201d jest o tyle niekorzystnym do\u015bwiadczeniem, \u017ce jej upadek pozostawi\u0142 bardzo z\u0142e wra\u017cenie na mieszka\u0144cach St\u0119szewa. Ten nieudany epizod powoduje, \u017ce potrzebna jest du\u017ca motywacja partnerstwa lokalnego, by znalaz\u0142a si\u0119 mo\u017cliwo\u015b\u0107 rozwoju ekonomii spo\u0142ecznej w gminie St\u0119szew.<\/p>\n","protected":false},"excerpt":{"rendered":"<p>W St\u0119szewie kilka lat temu dzia\u0142a\u0142a sp\u00f3\u0142dzielnia socjalna, \u015bwiadcz\u0105ca m.in. us\u0142ugi sklasyfikowane w PKD jako: \u201epomoc spo\u0142eczna bez zakwaterowania dla os\u00f3b w podesz\u0142ym wieku i os\u00f3b niepe\u0142nosprawnych\u201d. Chodzi o Sp\u00f3\u0142dzielni\u0119 Socjaln\u0105 \u201eBezpieczni Podopieczni\u201d, kt\u00f3ra zosta\u0142a zarejestrowana w 2012 roku. Niestety &hellip; <a href=\"https:\/\/oldwces.barka.org.pl\/?page_id=4604\">Czytaj dalej <span class=\"meta-nav\">&rarr;<\/span><\/a><\/p>\n","protected":false},"author":4,"featured_media":0,"parent":0,"menu_order":0,"comment_status":"closed","ping_status":"closed","template":"","meta":{"jetpack_post_was_ever_published":false,"footnotes":""},"class_list":["post-4604","page","type-page","status-publish","hentry"],"aioseo_notices":[],"jetpack_shortlink":"https:\/\/wp.me\/P41gHA-1cg","jetpack_sharing_enabled":true,"_links":{"self":[{"href":"https:\/\/oldwces.barka.org.pl\/index.php?rest_route=\/wp\/v2\/pages\/4604","targetHints":{"allow":["GET"]}}],"collection":[{"href":"https:\/\/oldwces.barka.org.pl\/index.php?rest_route=\/wp\/v2\/pages"}],"about":[{"href":"https:\/\/oldwces.barka.org.pl\/index.php?rest_route=\/wp\/v2\/types\/page"}],"author":[{"embeddable":true,"href":"https:\/\/oldwces.barka.org.pl\/index.php?rest_route=\/wp\/v2\/users\/4"}],"replies":[{"embeddable":true,"href":"https:\/\/oldwces.barka.org.pl\/index.php?rest_route=%2Fwp%2Fv2%2Fcomments&post=4604"}],"version-history":[{"count":1,"href":"https:\/\/oldwces.barka.org.pl\/index.php?rest_route=\/wp\/v2\/pages\/4604\/revisions"}],"predecessor-version":[{"id":4605,"href":"https:\/\/oldwces.barka.org.pl\/index.php?rest_route=\/wp\/v2\/pages\/4604\/revisions\/4605"}],"wp:attachment":[{"href":"https:\/\/oldwces.barka.org.pl\/index.php?rest_route=%2Fwp%2Fv2%2Fmedia&parent=4604"}],"curies":[{"name":"wp","href":"https:\/\/api.w.org\/{rel}","templated":true}]}}