{"id":4445,"date":"2018-01-29T16:04:04","date_gmt":"2018-01-29T15:04:04","guid":{"rendered":"http:\/\/www.old.wces.eu\/?page_id=4445"},"modified":"2018-01-30T12:01:15","modified_gmt":"2018-01-30T11:01:15","slug":"powiat-obornicki-oborniki","status":"publish","type":"page","link":"https:\/\/oldwces.barka.org.pl\/?page_id=4445","title":{"rendered":"Partnerstwo w Obornikach"},"content":{"rendered":"<p style=\"text-align: justify;\">\u00a0 \u00a0 \u00a0 \u00a0 \u00a0\u00a0 <img loading=\"lazy\" decoding=\"async\" class=\"wp-image-4448 alignleft\" src=\"http:\/\/www.old.wces.eu\/wp-content\/uploads\/2018\/01\/Oborniki-250x300.png\" alt=\"\" width=\"187\" height=\"222\" \/><\/p>\n<p style=\"text-align: justify;\">Burmistrz Obornik Tomasz Szrama zarz\u0105dzeniem z dnia, 17 sierpnia 2015 r. powo\u0142a\u0142 <em>Obornick\u0105 Rad\u0119 Inicjatyw Spo\u0142ecznych<\/em>, kt\u00f3ra sta\u0142a si\u0119 formaln\u0105 struktur\u0105 partnerstwa lokalnego. Jej zadaniem jest wsp\u00f3lne rozwi\u0105zywanie wszelkich problem\u00f3w spo\u0142ecznych, jakie pojawiaj\u0105 si\u0119 na terenie gminy, a\u00a0 tak\u017ce wspieranie rozwoju spo\u0142ecznej gospodarki rynkowej.<\/p>\n<p style=\"text-align: justify;\">Jednym z cel\u00f3w funkcjonowania Rady jest te\u017c doprowadzenie do utworzenia Centrum Inicjatyw Spo\u0142ecznych w Obornikach, maj\u0105cego sta\u0107 si\u0119 o\u015brodkiem integruj\u0105cym dzia\u0142ania przeciwdzia\u0142aj\u0105ce zjawisku wykluczenia spo\u0142ecznego.<\/p>\n<p style=\"text-align: justify;\">Obornicka Rada Inicjatyw Spo\u0142ecznych, koordynuj\u0105c m.in. wdra\u017canie cel\u00f3w operacyjnych Strategii Rozwi\u0105zywania Problem\u00f3w Spo\u0142ecznych ma za zadanie wykorzystanie wzajemnych powi\u0105za\u0144 os\u00f3b, organizacji, instytucji i przedsi\u0119biorstw dla wypracowania systemu wsp\u00f3\u0142pracy w \u015brodowisku lokalnym, tj. na terenie Gminy Oborniki.<\/p>\n<p style=\"text-align: justify;\">Koordynatorem prac Rady powo\u0142any zosta\u0142 Zast\u0119pca Burmistrza Obornik Piotr Woszczyk, a asystentem Koordynatora B\u0142a\u017cej Matczuk. Rada gromadzi przedstawicieli Rady Miasta, przedsi\u0119biorc\u00f3w i organizacji obywatelskich.<\/p>\n<p style=\"text-align: justify;\">Na terenie gminy funkcjonuje <strong><em>Sp\u00f3\u0142dzielnia Socjalna \u201eUciec Dysforii\u201d<\/em><\/strong>. Celem przy\u015bwiecaj\u0105cym powstaniu sp\u00f3\u0142dzielni by\u0142a realizacja cel\u00f3w spo\u0142ecznych zdefiniowanych w \u015brodowisku lokalnym. Z jednej strony sp\u00f3\u0142dzielnia oferuje us\u0142ugi dla spo\u0142ecze\u0144stwa, a z drugiej strony daje prac\u0119 osobom, kt\u00f3re jej potrzebuj\u0105 i poszukuj\u0105 niezale\u017cnie od stopnia sprawno\u015bci i wykszta\u0142cenia. Swoj\u0105 ofert\u0119 kieruje szczeg\u00f3lnie do os\u00f3b z orzeczeniem o niepe\u0142nosprawno\u015bci i tych, kt\u00f3re wracaj\u0105 na rynek pracy, kt\u00f3re nie chc\u0105 by\u0107 narz\u0119dziem do zarabiania pieni\u0119dzy, ale chc\u0105 by\u0107 cz\u0119\u015bci\u0105 zespo\u0142u.Dominuj\u0105cym przedmiotem dzia\u0142alno\u015bci jest\u00a0 \u015bwiadczenie us\u0142ug opieku\u0144czych. Do zada\u0144 sp\u00f3\u0142dzielni nale\u017cy\u00a0 zaspokajanie codziennych potrzeb \u017cyciowych podopiecznego, zapewnienie opieki higienicznej poprzez sprawowanie toalety chorego zgodnie z zapotrzebowaniem, przygotowanie i dostarczanie posi\u0142k\u00f3w, pomoc w za\u0142atwianiu spraw u lekarzy, w urz\u0119dach, realizacja recept lekarskich, pomoc w kontakcie\u00a0 z otoczeniem w celu normalnego funkcjonowania, wychodzenie z podopiecznymi na spacery i wydarzenia kulturalne. Sp\u00f3\u0142dzielnia \u015bwiadczy ww. us\u0142ugi jako jedyny zakontraktowany na terenie gminy podmiot.<\/p>\n<p style=\"text-align: justify;\">W Obornikach zosta\u0142o te\u017c zarejestrowane <em><strong>Centrum Integracji Spo\u0142ecznej<\/strong><\/em>, kt\u00f3rego powo\u0142anie jest r\u00f3wnie\u017c jednym z cel\u00f3w Rady. Ze wzgl\u0119d\u00f3w organizacyjnych i finansowych, CIS nie rozpocz\u0105\u0142 jednak jeszcze swojej dzia\u0142alno\u015bci.<\/p>\n<p style=\"text-align: justify;\">Niedawno powsta\u0142o nowe przedsi\u0119biorstwo spo\u0142eczne z Obornikach\u00a0 &#8211;<strong><em> BRAT-BUD Sp. z o.o<\/em><\/strong>, kt\u00f3re w ofercie ma us\u0142ugi budowlane, w tym brukowanie nawierzchni, a tak\u017ce \u00a0<em><strong>Sp\u00f3\u0142dzielnia Socjalna Mesym<\/strong><\/em>, kt\u00f3ra\u00a0 zajmuje si\u0119\u00a0 wypo\u017cyczaniem samochod\u00f3w.<\/p>\n<p style=\"text-align: justify;\"><img loading=\"lazy\" decoding=\"async\" class=\"size-medium wp-image-4447 aligncenter\" src=\"http:\/\/www.old.wces.eu\/wp-content\/uploads\/2018\/01\/Honorowy-samorz\u0105d-Oborniki-212x300.jpg\" alt=\"\" width=\"212\" height=\"300\" srcset=\"https:\/\/oldwces.barka.org.pl\/wp-content\/uploads\/2018\/01\/Honorowy-samorz\u0105d-Oborniki-212x300.jpg 212w, https:\/\/oldwces.barka.org.pl\/wp-content\/uploads\/2018\/01\/Honorowy-samorz\u0105d-Oborniki-768x1086.jpg 768w, https:\/\/oldwces.barka.org.pl\/wp-content\/uploads\/2018\/01\/Honorowy-samorz\u0105d-Oborniki-724x1024.jpg 724w, https:\/\/oldwces.barka.org.pl\/wp-content\/uploads\/2018\/01\/Honorowy-samorz\u0105d-Oborniki.jpg 794w\" sizes=\"auto, (max-width: 212px) 100vw, 212px\" \/><\/p>\n<p style=\"text-align: justify;\">W listopadzie 2017 r. Gmina Oborniki zosta\u0142a wyr\u00f3\u017cniona\u00a0 \u201eHonorowym Tytu\u0142em Samorz\u0105d Zaanga\u017cowany\u201d przyznanym przez ROPS w Poznaniu oraz przez Fundacj\u0119 Pomocy Wzajemnej Barka.<\/p>\n","protected":false},"excerpt":{"rendered":"<p>\u00a0 \u00a0 \u00a0 \u00a0 \u00a0\u00a0 Burmistrz Obornik Tomasz Szrama zarz\u0105dzeniem z dnia, 17 sierpnia 2015 r. powo\u0142a\u0142 Obornick\u0105 Rad\u0119 Inicjatyw Spo\u0142ecznych, kt\u00f3ra sta\u0142a si\u0119 formaln\u0105 struktur\u0105 partnerstwa lokalnego. Jej zadaniem jest wsp\u00f3lne rozwi\u0105zywanie wszelkich problem\u00f3w spo\u0142ecznych, jakie pojawiaj\u0105 si\u0119 na &hellip; <a href=\"https:\/\/oldwces.barka.org.pl\/?page_id=4445\">Czytaj dalej <span class=\"meta-nav\">&rarr;<\/span><\/a><\/p>\n","protected":false},"author":4,"featured_media":0,"parent":0,"menu_order":0,"comment_status":"closed","ping_status":"closed","template":"","meta":{"jetpack_post_was_ever_published":false,"footnotes":""},"class_list":["post-4445","page","type-page","status-publish","hentry"],"aioseo_notices":[],"jetpack_shortlink":"https:\/\/wp.me\/P41gHA-19H","jetpack_sharing_enabled":true,"_links":{"self":[{"href":"https:\/\/oldwces.barka.org.pl\/index.php?rest_route=\/wp\/v2\/pages\/4445","targetHints":{"allow":["GET"]}}],"collection":[{"href":"https:\/\/oldwces.barka.org.pl\/index.php?rest_route=\/wp\/v2\/pages"}],"about":[{"href":"https:\/\/oldwces.barka.org.pl\/index.php?rest_route=\/wp\/v2\/types\/page"}],"author":[{"embeddable":true,"href":"https:\/\/oldwces.barka.org.pl\/index.php?rest_route=\/wp\/v2\/users\/4"}],"replies":[{"embeddable":true,"href":"https:\/\/oldwces.barka.org.pl\/index.php?rest_route=%2Fwp%2Fv2%2Fcomments&post=4445"}],"version-history":[{"count":7,"href":"https:\/\/oldwces.barka.org.pl\/index.php?rest_route=\/wp\/v2\/pages\/4445\/revisions"}],"predecessor-version":[{"id":4503,"href":"https:\/\/oldwces.barka.org.pl\/index.php?rest_route=\/wp\/v2\/pages\/4445\/revisions\/4503"}],"wp:attachment":[{"href":"https:\/\/oldwces.barka.org.pl\/index.php?rest_route=%2Fwp%2Fv2%2Fmedia&parent=4445"}],"curies":[{"name":"wp","href":"https:\/\/api.w.org\/{rel}","templated":true}]}}

<p style="text-align: justify;">           <img loading="lazy" decoding="async" class="wp-image-4448 alignleft" src="http://www.old.wces.eu/wp-content/uploads/2018/01/Oborniki-250x300.png" alt="" width="187" height="222" /></p>
<p style="text-align: justify;">Burmistrz Obornik Tomasz Szrama zarządzeniem z dnia, 17 sierpnia 2015 r. powołał <em>Obornicką Radę Inicjatyw Społecznych</em>, która stała się formalną strukturą partnerstwa lokalnego. Jej zadaniem jest wspólne rozwiązywanie wszelkich problemów społecznych, jakie pojawiają się na terenie gminy, a  także wspieranie rozwoju społecznej gospodarki rynkowej.</p>
<p style="text-align: justify;">Jednym z celów funkcjonowania Rady jest też doprowadzenie do utworzenia Centrum Inicjatyw Społecznych w Obornikach, mającego stać się ośrodkiem integrującym działania przeciwdziałające zjawisku wykluczenia społecznego.</p>
<p style="text-align: justify;">Obornicka Rada Inicjatyw Społecznych, koordynując m.in. wdrażanie celów operacyjnych Strategii Rozwiązywania Problemów Społecznych ma za zadanie wykorzystanie wzajemnych powiązań osób, organizacji, instytucji i przedsiębiorstw dla wypracowania systemu współpracy w środowisku lokalnym, tj. na terenie Gminy Oborniki.</p>
<p style="text-align: justify;">Koordynatorem prac Rady powołany został Zastępca Burmistrza Obornik Piotr Woszczyk, a asystentem Koordynatora Błażej Matczuk. Rada gromadzi przedstawicieli Rady Miasta, przedsiębiorców i organizacji obywatelskich.</p>
<p style="text-align: justify;">Na terenie gminy funkcjonuje <strong><em>Spółdzielnia Socjalna „Uciec Dysforii”</em></strong>. Celem przyświecającym powstaniu spółdzielni była realizacja celów społecznych zdefiniowanych w środowisku lokalnym. Z jednej strony spółdzielnia oferuje usługi dla społeczeństwa, a z drugiej strony daje pracę osobom, które jej potrzebują i poszukują niezależnie od stopnia sprawności i wykształcenia. Swoją ofertę kieruje szczególnie do osób z orzeczeniem o niepełnosprawności i tych, które wracają na rynek pracy, które nie chcą być narzędziem do zarabiania pieniędzy, ale chcą być częścią zespołu.Dominującym przedmiotem działalności jest  świadczenie usług opiekuńczych. Do zadań spółdzielni należy  zaspokajanie codziennych potrzeb życiowych podopiecznego, zapewnienie opieki higienicznej poprzez sprawowanie toalety chorego zgodnie z zapotrzebowaniem, przygotowanie i dostarczanie posiłków, pomoc w załatwianiu spraw u lekarzy, w urzędach, realizacja recept lekarskich, pomoc w kontakcie  z otoczeniem w celu normalnego funkcjonowania, wychodzenie z podopiecznymi na spacery i wydarzenia kulturalne. Spółdzielnia świadczy ww. usługi jako jedyny zakontraktowany na terenie gminy podmiot.</p>
<p style="text-align: justify;">W Obornikach zostało też zarejestrowane <em><strong>Centrum Integracji Społecznej</strong></em>, którego powołanie jest również jednym z celów Rady. Ze względów organizacyjnych i finansowych, CIS nie rozpoczął jednak jeszcze swojej działalności.</p>
<p style="text-align: justify;">Niedawno powstało nowe przedsiębiorstwo społeczne z Obornikach  &#8211;<strong><em> BRAT-BUD Sp. z o.o</em></strong>, które w ofercie ma usługi budowlane, w tym brukowanie nawierzchni, a także  <em><strong>Spółdzielnia Socjalna Mesym</strong></em>, która  zajmuje się  wypożyczaniem samochodów.</p>
<p style="text-align: justify;"><img loading="lazy" decoding="async" class="size-medium wp-image-4447 aligncenter" src="http://www.old.wces.eu/wp-content/uploads/2018/01/Honorowy-samorząd-Oborniki-212x300.jpg" alt="" width="212" height="300" srcset="https://oldwces.barka.org.pl/wp-content/uploads/2018/01/Honorowy-samorząd-Oborniki-212x300.jpg 212w, https://oldwces.barka.org.pl/wp-content/uploads/2018/01/Honorowy-samorząd-Oborniki-768x1086.jpg 768w, https://oldwces.barka.org.pl/wp-content/uploads/2018/01/Honorowy-samorząd-Oborniki-724x1024.jpg 724w, https://oldwces.barka.org.pl/wp-content/uploads/2018/01/Honorowy-samorząd-Oborniki.jpg 794w" sizes="auto, (max-width: 212px) 100vw, 212px" /></p>
<p style="text-align: justify;">W listopadzie 2017 r. Gmina Oborniki została wyróżniona  „Honorowym Tytułem Samorząd Zaangażowany” przyznanym przez ROPS w Poznaniu oraz przez Fundację Pomocy Wzajemnej Barka.</p>

<p>           Burmistrz Obornik Tomasz Szrama zarządzeniem z dnia, 17 sierpnia 2015 r. powołał Obornicką Radę Inicjatyw Społecznych, która stała się formalną strukturą partnerstwa lokalnego. Jej zadaniem jest wspólne rozwiązywanie wszelkich problemów społecznych, jakie pojawiają się na &hellip; <a href="https://oldwces.barka.org.pl/?page_id=4445">Czytaj dalej <span class="meta-nav">&rarr;</span></a></p>
