{"id":4408,"date":"2018-01-29T15:19:41","date_gmt":"2018-01-29T14:19:41","guid":{"rendered":"http:\/\/www.old.wces.eu\/?page_id=4408"},"modified":"2018-01-29T15:19:41","modified_gmt":"2018-01-29T14:19:41","slug":"fit-kitchen-sp-z-o-o","status":"publish","type":"page","link":"https:\/\/oldwces.barka.org.pl\/?page_id=4408","title":{"rendered":"Fit Kitchen Sp. z o.o."},"content":{"rendered":"<p><img loading=\"lazy\" decoding=\"async\" class=\"alignnone size-medium wp-image-4410\" src=\"http:\/\/www.old.wces.eu\/wp-content\/uploads\/2018\/01\/fitkitchen_logo-300x38.png\" alt=\"\" width=\"300\" height=\"38\" srcset=\"https:\/\/oldwces.barka.org.pl\/wp-content\/uploads\/2018\/01\/fitkitchen_logo-300x38.png 300w, https:\/\/oldwces.barka.org.pl\/wp-content\/uploads\/2018\/01\/fitkitchen_logo-768x96.png 768w, https:\/\/oldwces.barka.org.pl\/wp-content\/uploads\/2018\/01\/fitkitchen_logo-1024x129.png 1024w, https:\/\/oldwces.barka.org.pl\/wp-content\/uploads\/2018\/01\/fitkitchen_logo-500x63.png 500w, https:\/\/oldwces.barka.org.pl\/wp-content\/uploads\/2018\/01\/fitkitchen_logo.png 1785w\" sizes=\"auto, (max-width: 300px) 100vw, 300px\" \/><\/p>\n<p>Fit Kitchen Sp. z o.o. powsta\u0142a z potrzeby dzielenia si\u0119 tym, co zdrowe i dobre. Jest to pomys\u0142 na stworzenie lekkiej kuchni, sk\u0142adaj\u0105cej si\u0119 z prostych receptur i naturalnych sk\u0142adnik\u00f3w. Przygotowali\u015bmy ofert\u0119 s\u0142odkich wypiek\u00f3w dedykowanych osobom dbaj\u0105cym o zdrowe od\u017cywianie oraz ofert\u0119\u00a0 zbilansowanych posi\u0142k\u00f3w dla os\u00f3b chc\u0105cych zadba\u0107 o swoj\u0105 diet\u0119 w miejscu pracy.<\/p>\n<p>Przedsi\u0119biorstwo powsta\u0142o w 2016 roku. Cele spo\u0142eczne realizuje poprzez tworzenie przyjaznych miejsc pracy, dla os\u00f3b kt\u00f3re z r\u00f3\u017cnych powod\u00f3w nie mog\u0142y si\u0119 na tym rynku odnale\u017a\u0107.<\/p>\n<p><img loading=\"lazy\" decoding=\"async\" class=\"alignnone wp-image-4412\" src=\"http:\/\/www.old.wces.eu\/wp-content\/uploads\/2018\/01\/fit-kitchen-salata-300x235.jpg\" alt=\"\" width=\"266\" height=\"211\" \/>\u00a0 <img loading=\"lazy\" decoding=\"async\" class=\"alignnone wp-image-4411\" src=\"http:\/\/www.old.wces.eu\/wp-content\/uploads\/2018\/01\/fit-kitchen-obiad-300x225.jpg\" alt=\"\" width=\"272\" height=\"207\" \/><\/p>\n<p><u>Dane kontaktowe: <\/u><\/p>\n<p>Okr\u0119\u017cna 77 Jerzykowo, 62-007 Biskupice<\/p>\n<p>tel. 509\u00a0123\u00a0150<\/p>\n<p>e-mail: biuro@fitkitchen.pl<\/p>\n<p><a href=\"http:\/\/www.fitkitchen.pl\">www.fitkitchen.pl<\/a><\/p>\n<p><u>Oferta:<\/u><\/p>\n<p>&#8211; obs\u0142uga imprez okoliczno\u015bciowych, szkole\u0144, konferencji,<\/p>\n<p>&#8211; obs\u0142uga cateringowa firm i os\u00f3b prywatnych,<\/p>\n<p>&#8211; dostarczanie posi\u0142k\u00f3w do firm.<\/p>\n","protected":false},"excerpt":{"rendered":"<p>Fit Kitchen Sp. z o.o. powsta\u0142a z potrzeby dzielenia si\u0119 tym, co zdrowe i dobre. Jest to pomys\u0142 na stworzenie lekkiej kuchni, sk\u0142adaj\u0105cej si\u0119 z prostych receptur i naturalnych sk\u0142adnik\u00f3w. Przygotowali\u015bmy ofert\u0119 s\u0142odkich wypiek\u00f3w dedykowanych osobom dbaj\u0105cym o zdrowe od\u017cywianie &hellip; <a href=\"https:\/\/oldwces.barka.org.pl\/?page_id=4408\">Czytaj dalej <span class=\"meta-nav\">&rarr;<\/span><\/a><\/p>\n","protected":false},"author":4,"featured_media":0,"parent":0,"menu_order":0,"comment_status":"closed","ping_status":"closed","template":"","meta":{"jetpack_post_was_ever_published":false,"footnotes":""},"class_list":["post-4408","page","type-page","status-publish","hentry"],"aioseo_notices":[],"jetpack_shortlink":"https:\/\/wp.me\/P41gHA-196","jetpack_sharing_enabled":true,"_links":{"self":[{"href":"https:\/\/oldwces.barka.org.pl\/index.php?rest_route=\/wp\/v2\/pages\/4408","targetHints":{"allow":["GET"]}}],"collection":[{"href":"https:\/\/oldwces.barka.org.pl\/index.php?rest_route=\/wp\/v2\/pages"}],"about":[{"href":"https:\/\/oldwces.barka.org.pl\/index.php?rest_route=\/wp\/v2\/types\/page"}],"author":[{"embeddable":true,"href":"https:\/\/oldwces.barka.org.pl\/index.php?rest_route=\/wp\/v2\/users\/4"}],"replies":[{"embeddable":true,"href":"https:\/\/oldwces.barka.org.pl\/index.php?rest_route=%2Fwp%2Fv2%2Fcomments&post=4408"}],"version-history":[{"count":3,"href":"https:\/\/oldwces.barka.org.pl\/index.php?rest_route=\/wp\/v2\/pages\/4408\/revisions"}],"predecessor-version":[{"id":4414,"href":"https:\/\/oldwces.barka.org.pl\/index.php?rest_route=\/wp\/v2\/pages\/4408\/revisions\/4414"}],"wp:attachment":[{"href":"https:\/\/oldwces.barka.org.pl\/index.php?rest_route=%2Fwp%2Fv2%2Fmedia&parent=4408"}],"curies":[{"name":"wp","href":"https:\/\/api.w.org\/{rel}","templated":true}]}}