{"id":3139,"date":"2017-09-01T15:57:30","date_gmt":"2017-09-01T14:57:30","guid":{"rendered":"http:\/\/www.old.wces.eu\/?page_id=3139"},"modified":"2017-09-02T10:18:42","modified_gmt":"2017-09-02T09:18:42","slug":"zgloszenia","status":"publish","type":"page","link":"https:\/\/oldwces.barka.org.pl\/?page_id=3139","title":{"rendered":"Zg\u0142oszenia"},"content":{"rendered":"<p>Zapisy rozpoczynaj\u0105 si\u0119 w poniedzia\u0142ek, 4 wrze\u015bnia 2017 r. o godz. 14, pod linkiem: <a href=\"http:\/\/zapisy.maratonczykpomiarczasu.pl\/bieg-srodka-zawady\">http:\/\/zapisy.maratonczykpomiarczasu.pl\/bieg-srodka-zawady<\/a><\/p>\n<p>Informacje:<\/p>\n<p><a href=\"mailto:elzbieta.malik@barka.org.pl\">elzbieta.malik@barka.org.pl<\/a>, tel. +48\u00a0515\u00a0097 867<\/p>\n","protected":false},"excerpt":{"rendered":"<p>Zapisy rozpoczynaj\u0105 si\u0119 w poniedzia\u0142ek, 4 wrze\u015bnia 2017 r. o godz. 14, pod linkiem: http:\/\/zapisy.maratonczykpomiarczasu.pl\/bieg-srodka-zawady Informacje: elzbieta.malik@barka.org.pl, tel. +48\u00a0515\u00a0097 867<\/p>\n","protected":false},"author":1,"featured_media":0,"parent":3133,"menu_order":0,"comment_status":"closed","ping_status":"closed","template":"","meta":{"jetpack_post_was_ever_published":false,"footnotes":""},"class_list":["post-3139","page","type-page","status-publish","hentry"],"aioseo_notices":[],"jetpack_shortlink":"https:\/\/wp.me\/P41gHA-OD","jetpack_sharing_enabled":true,"_links":{"self":[{"href":"https:\/\/oldwces.barka.org.pl\/index.php?rest_route=\/wp\/v2\/pages\/3139","targetHints":{"allow":["GET"]}}],"collection":[{"href":"https:\/\/oldwces.barka.org.pl\/index.php?rest_route=\/wp\/v2\/pages"}],"about":[{"href":"https:\/\/oldwces.barka.org.pl\/index.php?rest_route=\/wp\/v2\/types\/page"}],"author":[{"embeddable":true,"href":"https:\/\/oldwces.barka.org.pl\/index.php?rest_route=\/wp\/v2\/users\/1"}],"replies":[{"embeddable":true,"href":"https:\/\/oldwces.barka.org.pl\/index.php?rest_route=%2Fwp%2Fv2%2Fcomments&post=3139"}],"version-history":[{"count":3,"href":"https:\/\/oldwces.barka.org.pl\/index.php?rest_route=\/wp\/v2\/pages\/3139\/revisions"}],"predecessor-version":[{"id":4050,"href":"https:\/\/oldwces.barka.org.pl\/index.php?rest_route=\/wp\/v2\/pages\/3139\/revisions\/4050"}],"up":[{"embeddable":true,"href":"https:\/\/oldwces.barka.org.pl\/index.php?rest_route=\/wp\/v2\/pages\/3133"}],"wp:attachment":[{"href":"https:\/\/oldwces.barka.org.pl\/index.php?rest_route=%2Fwp%2Fv2%2Fmedia&parent=3139"}],"curies":[{"name":"wp","href":"https:\/\/api.w.org\/{rel}","templated":true}]}}