{"id":116,"date":"2013-10-02T13:04:22","date_gmt":"2013-10-02T12:04:22","guid":{"rendered":"http:\/\/www.old.wces.eu\/?page_id=116"},"modified":"2013-10-02T13:08:29","modified_gmt":"2013-10-02T12:08:29","slug":"zakladanie-i-prowadzenie-przedsiebiorstwa-spolecznego","status":"publish","type":"page","link":"https:\/\/oldwces.barka.org.pl\/?page_id=116","title":{"rendered":"Zak\u0142adanie i prowadzenie przedsi\u0119biorstwa spo\u0142ecznego"},"content":{"rendered":"<p style=\"text-align: justify;\">Przedsi\u0119biorstwo spo\u0142eczne to podmiot dzia\u0142alno\u015bci\u00a0gospodarczej, kt\u00f3ry opr\u00f3cz wypracowywania\u00a0zysku, wyznacza sobie cele spo\u0142eczne &#8211; wypracowanie\u00a0nadwy\u017cki (zysku) lub tzw. warto\u015bci\u00a0dodanej inwestowane s\u0105 w dzia\u0142ania, realizuj\u0105ce wyznaczone cele spo\u0142eczne. Zysk nie jest wyp\u0142acany w\u0142a\u015bcicielom tak jak w przypadku prowadzenia dzia\u0142alno\u015bci gospodarczej. Oznacza\u00a0to, \u017ce g\u0142\u00f3wnym celem \u00a0przedsi\u0119biorstwa spo\u0142ecznego\u00a0jest realizacja cel\u00f3w spo\u0142ecznych. Podstawowe zadanie to zatrudnianie os\u00f3b z grupy\u00a0najtrudniej znajduj\u0105cych prac\u0119, przede wszystkim os\u00f3b niepe\u0142nosprawnych, bezdomnych, po\u00a0zak\u0142adach karnych i uzale\u017cnieniach, os\u00f3b starszych, obcokrajowc\u00f3w, os\u00f3b o niskich kwalifikacjach,\u00a0mieszkaj\u0105cych w \u015brodowiskach o bardzo wysokim bezrobociu, po PGR-ach, o niskich\u00a0zasobach, itp.<\/p>\n<div id=\"attachment_107\" style=\"width: 310px\" class=\"wp-caption alignnone\"><a href=\"http:\/\/www.old.wces.eu\/wp-content\/uploads\/2013\/10\/Zakladanie_prowadzenie_przedsiebiorstwa_spolecznego.jpg\"><img loading=\"lazy\" decoding=\"async\" aria-describedby=\"caption-attachment-107\" class=\"size-full wp-image-107\" alt=\"Zak\u0142adanie prowadzenie przedsi\u0119biorstwa spo\u0142ecznego\" src=\"http:\/\/www.old.wces.eu\/wp-content\/uploads\/2013\/10\/Zakladanie_prowadzenie_przedsiebiorstwa_spolecznego.jpg\" width=\"300\" height=\"421\" srcset=\"https:\/\/oldwces.barka.org.pl\/wp-content\/uploads\/2013\/10\/Zakladanie_prowadzenie_przedsiebiorstwa_spolecznego.jpg 300w, https:\/\/oldwces.barka.org.pl\/wp-content\/uploads\/2013\/10\/Zakladanie_prowadzenie_przedsiebiorstwa_spolecznego-213x300.jpg 213w\" sizes=\"auto, (max-width: 300px) 100vw, 300px\" \/><\/a><p id=\"caption-attachment-107\" class=\"wp-caption-text\">Zak\u0142adanie prowadzenie przedsi\u0119biorstwa spo\u0142ecznego<\/p><\/div>\n<p style=\"text-align: justify;\">Celem nie jest maksymalizacja zysku na rzecz w\u0142a\u015bcicieli przedsi\u0119biorstwa \u2013 to g\u0142\u00f3wna cecha\u00a0prowadzenia dzia\u0142alno\u015bci gospodarczej w gospodarce wolnorynkowej. Przedsi\u0119biorstwo spo\u0142eczne\u00a0stanowi praktyczn\u0105 realizacj\u0119 idei ekonomii spo\u0142ecznej, gdzie narz\u0119dzia ekonomiczne\u00a0(kapita\u0142, zysk) wykorzystywane s\u0105 do realizacji cel\u00f3w spo\u0142ecznych. Mo\u017cemy przyj\u0105\u0107 definicj\u0119,\u00a0\u017ce \u201ePrzedsi\u0119biorstwo spo\u0142eczne to takie, w kt\u00f3rym wypracowana warto\u015b\u0107 dodana\u00a0nie jest wyp\u0142acana bezpo\u015brednio w\u0142a\u015bcicielom ale\u00a0s\u0142u\u017cy do podniesienia warto\u015bci samego przedsi\u0119biorstwa\u00a0oraz wraca do os\u00f3b w nim pracuj\u0105cych\u00a0oraz spo\u0142eczno\u015bci lokalnej, w kt\u00f3rej przedsi\u0119biorstwo\u00a0jest umiejscowione w postaci kapita\u0142u spo\u0142ecznego\u201d.\u00a0Za kapita\u0142 spo\u0142eczny rozumiemy: tworzone\u00a0miejsca pracy dla os\u00f3b o najtrudniejszej sytuacji\u00a0na rynku pracy, rozwi\u0105zywanie problem\u00f3w\u00a0bezrobocia, reintegracja spo\u0142eczno &#8211; zawodowa,\u00a0edukacja dla najbiedniejszych os\u00f3b i \u015brodowisk lokalnych,\u00a0ale tak\u017ce dzia\u0142ania, takie jak budownictwo\u00a0spo\u0142eczne, dzia\u0142alno\u015b\u0107 kulturalna, rekreacja, zdrowie,\u00a0sport i wypoczynek. Wszystkie te cele s\u0105 zapisane\u00a0w ustawie o dzia\u0142alno\u015bci po\u017cytku publicznego\u00a0i wolontariacie.<\/p>\n<p><object style=\"width: 600px; height: 426px;\" width=\"100\" height=\"100\" classid=\"clsid:d27cdb6e-ae6d-11cf-96b8-444553540000\" codebase=\"http:\/\/download.macromedia.com\/pub\/shockwave\/cabs\/flash\/swflash.cab#version=6,0,40,0\"><param name=\"data\" value=\"http:\/\/static.issuu.com\/webembed\/viewers\/style1\/v1\/IssuuViewer.swf?mode=embed&amp;layout=http%3A%2F%2Fskin.issuu.com%2Fv%2Flight%2Flayout.xml&amp;showFlipBtn=true&amp;documentId=110127194718-2fd3096a59e14c45afefdc80539cb220&amp;docName=namea59e14&amp;username=barka&amp;loadingInfoText=Zak%C5%82adanie%20i%20prowadzenie%20przedsi%C4%99biorstwa%20spo%C5%82ecznego&amp;et=1297081764068&amp;er=50\" \/><param name=\"allowfullscreen\" value=\"true\" \/><param name=\"menu\" value=\"false\" \/><param name=\"src\" value=\"http:\/\/static.issuu.com\/webembed\/viewers\/style1\/v1\/IssuuViewer.swf?mode=embed&amp;layout=http%3A%2F%2Fskin.issuu.com%2Fv%2Flight%2Flayout.xml&amp;showFlipBtn=true&amp;documentId=110127194718-2fd3096a59e14c45afefdc80539cb220&amp;docName=namea59e14&amp;username=barka&amp;loadingInfoText=Zak%C5%82adanie%20i%20prowadzenie%20przedsi%C4%99biorstwa%20spo%C5%82ecznego&amp;et=1297081764068&amp;er=50\" \/><param name=\"flashvars\" value=\"mode=embed&amp;layout=http%3A%2F%2Fskin.issuu.com%2Fv%2Flight%2Flayout.xml&amp;showFlipBtn=true&amp;documentId=110127194718-2fd3096a59e14c45afefdc80539cb220&amp;docName=namea59e14&amp;username=barka&amp;loadingInfoText=Zak%C5%82adanie%20i%20prowadzenie%20przedsi%C4%99biorstwa%20spo%C5%82ecznego&amp;et=1297081764068&amp;er=50\" \/><\/object><\/p>\n<p>&nbsp;<\/p>\n<p>&nbsp;<\/p>\n<p>.<\/p>\n","protected":false},"excerpt":{"rendered":"<p>Przedsi\u0119biorstwo spo\u0142eczne to podmiot dzia\u0142alno\u015bci\u00a0gospodarczej, kt\u00f3ry opr\u00f3cz wypracowywania\u00a0zysku, wyznacza sobie cele spo\u0142eczne &#8211; wypracowanie\u00a0nadwy\u017cki (zysku) lub tzw. warto\u015bci\u00a0dodanej inwestowane s\u0105 w dzia\u0142ania, realizuj\u0105ce wyznaczone cele spo\u0142eczne. Zysk nie jest wyp\u0142acany w\u0142a\u015bcicielom tak jak w przypadku prowadzenia dzia\u0142alno\u015bci gospodarczej. Oznacza\u00a0to, \u017ce &hellip; <a href=\"https:\/\/oldwces.barka.org.pl\/?page_id=116\">Czytaj dalej <span class=\"meta-nav\">&rarr;<\/span><\/a><\/p>\n","protected":false},"author":1,"featured_media":0,"parent":0,"menu_order":0,"comment_status":"closed","ping_status":"closed","template":"sidebar-page.php","meta":{"jetpack_post_was_ever_published":false,"footnotes":""},"class_list":["post-116","page","type-page","status-publish","hentry"],"aioseo_notices":[],"jetpack_shortlink":"https:\/\/wp.me\/P41gHA-1S","jetpack_sharing_enabled":true,"_links":{"self":[{"href":"https:\/\/oldwces.barka.org.pl\/index.php?rest_route=\/wp\/v2\/pages\/116","targetHints":{"allow":["GET"]}}],"collection":[{"href":"https:\/\/oldwces.barka.org.pl\/index.php?rest_route=\/wp\/v2\/pages"}],"about":[{"href":"https:\/\/oldwces.barka.org.pl\/index.php?rest_route=\/wp\/v2\/types\/page"}],"author":[{"embeddable":true,"href":"https:\/\/oldwces.barka.org.pl\/index.php?rest_route=\/wp\/v2\/users\/1"}],"replies":[{"embeddable":true,"href":"https:\/\/oldwces.barka.org.pl\/index.php?rest_route=%2Fwp%2Fv2%2Fcomments&post=116"}],"version-history":[{"count":1,"href":"https:\/\/oldwces.barka.org.pl\/index.php?rest_route=\/wp\/v2\/pages\/116\/revisions"}],"predecessor-version":[{"id":117,"href":"https:\/\/oldwces.barka.org.pl\/index.php?rest_route=\/wp\/v2\/pages\/116\/revisions\/117"}],"wp:attachment":[{"href":"https:\/\/oldwces.barka.org.pl\/index.php?rest_route=%2Fwp%2Fv2%2Fmedia&parent=116"}],"curies":[{"name":"wp","href":"https:\/\/api.w.org\/{rel}","templated":true}]}}